the highest common factor of 979 and 801.
89
What is the greatest common factor of 23865 and 129?
129
Calculate the greatest common divisor of 48 and 36.
12
What is the highest common factor of 61 and 305?
61
What is the highest common factor of 22770 and 138?
138
Calculate the highest common divisor of 4912 and 48.
16
What is the highest common divisor of 286 and 198?
22
What is the greatest common divisor of 4584 and 24?
24
What is the highest common divisor of 10 and 16970?
10
Calculate the greatest common divisor of 160 and 400.
80
Calculate the highest common divisor of 119 and 28322.
119
Calculate the highest common divisor of 37 and 703.
37
Calculate the greatest common factor of 3162 and 279.
93
What is the greatest common factor of 165 and 455?
5
What is the greatest common divisor of 1305 and 15?
15
What is the greatest common factor of 3239 and 948?
79
Calculate the highest common factor of 66 and 168.
6
What is the highest common factor of 1280 and 80?
80
What is the highest common divisor of 220 and 45?
5
Calculate the highest common divisor of 9 and 12.
3
Calculate the greatest common divisor of 252 and 162.
18
What is the highest common divisor of 21 and 9?
3
What is the highest common divisor of 57 and 2337?
57
What is the greatest common divisor of 3091 and 77?
11
What is the highest common divisor of 16 and 5?
1
Calculate the highest common factor of 4366 and 37.
37
Calculate the highest common factor of 1271 and 31.
31
What is the greatest common factor of 616 and 42?
14
Calculate the highest common factor of 1247 and 145.
29
Calculate the greatest common divisor of 140 and 91.
7
Calculate the greatest common divisor of 10 and 145.
5
Calculate the greatest common factor of 2646 and 108.
54
What is the highest common factor of 31 and 248?
31
Calculate the highest common divisor of 66 and 3102.
66
Calculate the highest common factor of 20 and 6800.
20
Calculate the greatest common divisor of 231 and 63.
21
Calculate the highest common divisor of 10 and 340.
10
What is the highest common factor of 20 and 36?
4
What is the greatest common divisor of 289 and 4709?
17
What is the highest common factor of 2055 and 137?
137
Calculate the greatest common divisor of 1248 and 468.
156
Calculate the greatest common divisor of 60 and 11025.
15
What is the highest common factor of 2611 and 7?
7
What is the highest common divisor of 11 and 3366?
11
Calculate the highest common factor of 81108 and 108.
108
What is the highest common factor of 128 and 1184?
32
Calculate the highest common factor of 84 and 444.
12
What is the highest common factor of 28 and 4186?
14
Calculate the highest common divisor of 11394 and 270.
54
Calculate the greatest common factor of 12 and 156.
12
Calculate the greatest common divisor of 285 and 465.
15
What is the highest common divisor of 10320 and 16?
16
What is the greatest common factor of 10603 and 23?
23
What is the highest common divisor of 152 and 8?
8
Calculate the greatest common factor of 122 and 62159.
61
What is the greatest common divisor of 104 and 767?
13
What is the highest common divisor of 950 and 80?
10
What is the highest common factor of 4200 and 672?
168
What is the highest common divisor of 544 and 102?
34
What is the highest common divisor of 7449 and 39?
39
What is the highest common divisor of 54 and 27?
27
What is the highest common divisor of 3131 and 202?
101
What is the highest common divisor of 30 and 430?
10
Calculate the highest common divisor of 64 and 56.
8
Calculate the highest common factor of 140 and 9674.
14
What is the highest common factor of 29 and 1?
1
What is the highest common divisor of 50 and 1150?
50
Calculate the highest common divisor of 25 and 1775.
25
What is the greatest common factor of 297 and 451?
11
Calculate the highest common divisor of 3598 and 91.
7
Calculate the highest common divisor of 48 and 264.
24
What is the highest common divisor of 273 and 672?
21
What is the greatest common divisor of 15 and 1050?
15
What is the highest common divisor of 1 and 509?
1
Calculate the greatest common factor of 40131 and 117.
117
Calculate the greatest common divisor of 9 and 603.
9
What is the highest common factor of 1078 and 56?
14
Calculate the highest common factor of 126 and 98.
14
What is the highest common factor of 12532 and 52?
52
What is the highest common divisor of 4 and 2692?
4
What is the highest common divisor of 985 and 5?
5
Calculate the greatest common divisor of 21 and 672.
21
What is the greatest common factor of 550 and 8?
2
Calculate the greatest common factor of 7844 and 148.
148
What is the highest common factor of 78 and 169?
13
What is the highest common factor of 450 and 1200?
150
What is the highest common factor of 952 and 2312?
136
Calculate the highest common divisor of 42 and 1246.
14
Calculate the greatest common factor of 572 and 44.
44
What is the greatest common divisor of 4 and 94?
2
What is the greatest common factor of 6850 and 274?
274
What is the greatest common factor of 26 and 1755?
13
Calculate the highest common divisor of 72 and 333.
9
Calculate the greatest common factor of 1165 and 10.
5
Calculate the greatest common factor of 9 and 7767.
9
Calculate the highest common divisor of 40 and 16216.
8
Calculate the highest common factor of 76720 and 20.
20
Calculate the highest common factor of 228 and 1572.
12
Calculate the greatest common factor of 112 and 49.
7
What is the highest common factor of 3 and 6?
3
What is the greatest common factor of 12 and 38?
2
Calculate the greatest common factor of 60 and 28.
4
What is the greatest common factor of 44 and 116?
4
Calculate the greatest common divisor of 20768 and 59.
59
What is the highest common divisor of 2632 and 235?
47
What is the highest common divisor of 95 and 209?
19
Calculate the greatest common factor of 341 and 77.
11
What is the highest common factor of 60 and 510?
30
What is the highest common divisor of 27 and 189?
27
Calculate the highest common factor of 774 and 688.
86
What is the highest common factor of 264 and 32?
8
Calculate the greatest common factor of 2360 and 480.
40
Calculate the highest common factor of 514 and 2.
2
Calculate the greatest common factor of 75 and 99.
3
Calculate the highest common factor of 7236 and 108.
108
What is the greatest common factor of 1430 and 330?
110
What is the highest common divisor of 256 and 160?
32
What is the greatest common factor of 4896 and 170?
34
Calculate the greatest common factor of 306 and 136.
34
Calculate the greatest common factor of 150 and 3.
3
What is the greatest common factor of 36 and 2?
2
What is the greatest common divisor of 504 and 1926?
18
Calculate the highest common factor of 19203 and 222.
111
Calculate the greatest common factor of 64 and 3368.
8
What is the highest common divisor of 38 and 209?
19
Calculate the highest common divisor of 40032 and 864.
288
What is the greatest common divisor of 9 and 279?
9
What is the highest common divisor of 7932 and 36?
12
What is the highest common factor of 19 and 209?
19
Calculate the greatest common factor of 150 and 12.
6
What is the greatest common factor of 96 and 96?
96
What is the highest common divisor of 25344 and 99?
99
Calculate the greatest common factor of 5133 and 177.
177
What is the highest common factor of 80 and 125?
5
Calculate the greatest common factor of 10179 and 13.
13
Calculate the highest common factor of 27 and 7.
1
Calculate the greatest common factor of 88 and 275.
11
Calculate the greatest common divisor of 5208 and 24.
24
What is the greatest common factor of 6 and 46?
2
What is the highest common divisor of 1708 and 40?
4
What is the highest common factor of 12 and 1396?
4
Calculate the highest common factor of 56 and 1316.
28
What is the greatest common divisor of 208 and 32?
16
Calculate the highest common divisor of 198 and 42.
6
What is the greatest common divisor of 51 and 272?
17
Calculate the highest common factor of 288 and 112.
16
What is the highest common factor of 93 and 3813?
93
What is the highest common divisor of 25 and 1075?
25
Calculate the highest common divisor of 110 and 6050.
110
Calculate the highest common divisor of 22 and 8899.
11
What is the greatest common divisor of 152 and 128